{"id":167,"date":"2016-02-16T16:18:04","date_gmt":"2016-02-16T15:18:04","guid":{"rendered":"http:\/\/aufkleber-druck-profi.de\/?page_id=167"},"modified":"2017-08-21T10:00:18","modified_gmt":"2017-08-21T08:00:18","slug":"papier","status":"publish","type":"page","link":"https:\/\/aufkleber-druck-profi.de\/?page_id=167","title":{"rendered":"Papier &#8211; indoor"},"content":{"rendered":"<p>Diese Aufkleber eignen sich, wie es der Name bereits verr\u00e4t, besonders f\u00fcr den Indoor-Einsatz.<br \/>\nEs kommen spezielle Papiere und Folien zum Einsatz, die bedruckbar sind.<\/p>\n<h6>Formate<\/h6>\n<p><strong>DIN-Formate<\/strong><\/p>\n<div id=\"pgc-167-1-0\" class=\"panel-grid-cell\">\n<div id=\"panel-167-1-0-0\" class=\"so-panel widget widget_sow-editor panel-first-child panel-last-child\" data-index=\"1\">\n<div class=\"so-widget-sow-editor so-widget-sow-editor-base\">\n<div class=\"siteorigin-widget-tinymce textwidget\">\n<div class=\"page\" title=\"Page 1\">\n<div class=\"layoutArea\">\n<div class=\"column\">\n<div class=\"page\" title=\"Page 1\">\n<div class=\"layoutArea\">\n<div class=\"column\">\n<p>A8 (5,2 x 7,4 cm) \u00a0 \u00a0 \u00a0 \u00a0 \u00a0 \u00a0 \u00a0 \u00a0 \u00a0 \u00a0 \u00a0 \u00a0A7 (7,4 x 10,5 cm) \u00a0 \u00a0 \u00a0 \u00a0 \u00a0 \u00a0 \u00a0 \u00a0A7 lang (5,2 x 14,8 cm)<br \/>\nA6 (10,5 x 14,8) \u00a0 \u00a0 \u00a0 \u00a0 \u00a0 \u00a0 \u00a0 \u00a0 \u00a0 \u00a0 \u00a0 \u00a0 \u00a0A6 lang (7,4 x 21 cm) \u00a0 \u00a0 \u00a0 \u00a0 \u00a0 A5 (14,8 x 21 cm)<br \/>\nA5 lang ( 14,8 x 29,7 cm) \u00a0 \u00a0 \u00a0 \u00a0 A4 (21 x 29,7 cm) \u00a0 \u00a0 \u00a0 \u00a0 \u00a0 \u00a0 \u00a0 \u00a0 \u00a0A4 lang (9,8 x 21 cm)<br \/>\nA3 (29,7 x 42 cm) \u00a0 \u00a0 \u00a0 \u00a0 \u00a0 \u00a0 \u00a0 \u00a0 \u00a0 \u00a0 \u00a0A2 (42 x 59,4 cm) \u00a0 \u00a0 \u00a0 \u00a0 \u00a0 \u00a0 \u00a0 \u00a0 A1 (59,4 x 84,1 cm)<\/p>\n<div class=\"page\" title=\"Page 1\">\n<div class=\"layoutArea\">\n<div class=\"column\">\n<p>Neben den DIN-Formaten sind auch beinahe alle anderen Formate und Formen m\u00f6glich.<br \/>\nOb Miniformat oder Riesenaufkleber \u2013 alles ist m\u00f6glich.<br \/>\nNeben eckig, oval, rund oder Sonderformen (Herz, Kleeblatt, Flugzeug, Stern &#8230;) sind nat\u00fcrlich auch Wunschformate bedruckbar. Sprechen Sie die Druckerei Ihres Vertrauens an und fragen Sie danach.<\/p>\n<p>&nbsp;<\/p>\n<div class=\"page\" title=\"Page 1\">\n<div class=\"layoutArea\">\n<div class=\"column\">\n<p><strong>Material<\/strong><\/p>\n<p>Vom leichten 72 g Haftpapier \u00fcber das beliebte 90 g Haftpapier bis hin zum 450 g Karton kommen nahezu alle g\u00e4ngigen Papiere und Kar- tons zum Einsatz. Haupts\u00e4chlich werden jedoch Papiere mit einer Grammatur von 80 g und 90 g verwendet, da diese preisg\u00fcnstig sind und sich zudem auf fast allen Untergr\u00fcnden aufbringen lassen. Zus\u00e4tzlich werden einige Papiere mit R\u00fcckseitenschlitzung angeboten (zum bes- seren Abl\u00f6sen des Aufklebers vom Tr\u00e4germaterial ist die R\u00fcckseite vorgeschlitzt).<\/p>\n<div class=\"page\" title=\"Page 1\">\n<div class=\"layoutArea\">\n<div class=\"column\">\n<p><strong>Farben<\/strong><\/p>\n<p>Das g\u00e4ngiste Material f\u00fcr Aufkleber wird in den Farben wei\u00df, silber und gold angeboten, zus\u00e4tzlich auch Sonderfarben (div. Neonfarben). Dieses Grundmaterial kann in nahezu allen Farben und Kundenw\u00fcnschen bedruckt werden.<\/p>\n<p><strong>F\u00fcr welche Untergr\u00fcnde geeignet?<\/strong><\/p>\n<p>Papiere f\u00fcr den Indoor-Bereich eignen sich f\u00fcr alle glatten Untergr\u00fcnde aus Holz, Kunststoff und Metall.<\/p>\n<\/div>\n<\/div>\n<\/div>\n<\/div>\n<\/div>\n<\/div>\n<\/div>\n<\/div>\n<\/div>\n<\/div>\n<\/div>\n<\/div>\n<\/div>\n<h6><\/h6>\n<p>&nbsp;<\/p>\n<p><strong>\u00a0<\/strong><\/p>\n<p>&nbsp;<\/p>\n<p>&nbsp;<\/p>\n<p>&nbsp;<\/p>\n<\/div>\n<\/div>\n<\/div>\n<\/div>\n<\/div>\n<\/div>\n","protected":false},"excerpt":{"rendered":"<p>Diese Aufkleber eignen sich, wie es der Name bereits verr\u00e4t, besonders f\u00fcr den Indoor-Einsatz. Es kommen spezielle Papiere und Folien<\/p>\n","protected":false},"author":1,"featured_media":0,"parent":0,"menu_order":0,"comment_status":"closed","ping_status":"closed","template":"","meta":{"footnotes":""},"class_list":["post-167","page","type-page","status-publish","hentry"],"_links":{"self":[{"href":"https:\/\/aufkleber-druck-profi.de\/index.php?rest_route=\/wp\/v2\/pages\/167","targetHints":{"allow":["GET"]}}],"collection":[{"href":"https:\/\/aufkleber-druck-profi.de\/index.php?rest_route=\/wp\/v2\/pages"}],"about":[{"href":"https:\/\/aufkleber-druck-profi.de\/index.php?rest_route=\/wp\/v2\/types\/page"}],"author":[{"embeddable":true,"href":"https:\/\/aufkleber-druck-profi.de\/index.php?rest_route=\/wp\/v2\/users\/1"}],"replies":[{"embeddable":true,"href":"https:\/\/aufkleber-druck-profi.de\/index.php?rest_route=%2Fwp%2Fv2%2Fcomments&post=167"}],"version-history":[{"count":28,"href":"https:\/\/aufkleber-druck-profi.de\/index.php?rest_route=\/wp\/v2\/pages\/167\/revisions"}],"predecessor-version":[{"id":510,"href":"https:\/\/aufkleber-druck-profi.de\/index.php?rest_route=\/wp\/v2\/pages\/167\/revisions\/510"}],"wp:attachment":[{"href":"https:\/\/aufkleber-druck-profi.de\/index.php?rest_route=%2Fwp%2Fv2%2Fmedia&parent=167"}],"curies":[{"name":"wp","href":"https:\/\/api.w.org\/{rel}","templated":true}]}}