{"id":74,"date":"2016-02-11T12:33:36","date_gmt":"2016-02-11T11:33:36","guid":{"rendered":"http:\/\/aufkleber-druck-profi.de\/?page_id=74"},"modified":"2017-08-22T10:28:02","modified_gmt":"2017-08-22T08:28:02","slug":"gold-silber-aufkleber","status":"publish","type":"page","link":"http:\/\/aufkleber-druck-profi.de\/?page_id=74","title":{"rendered":"Gold-\/Silber-Aufkleber"},"content":{"rendered":"<div class=\"page\" title=\"Page 3\">\n<div class=\"layoutArea\">\n<div class=\"column\">\n<p>Gold- und Silberaufkleber sind f\u00fcr besonders festliche bzw. hochwertige Anl\u00e4sse geeignet.<br \/>\nH\u00e4ufig werden diese Aufkleber als Rollenware geliefert und dienen als Absender-Aufkleber oder zur Kennzeichnung von Mobiliar und hochwertigen Einrichtungsgegenst\u00e4nden<br \/>\n(Computer, Monitore, Drucker, Scanner etc).<br \/>\nAuch hier wird unterschieden, ob die Aufkleber abl\u00f6sbar oder extrem stark haftend sind.<\/p>\n<\/div>\n<\/div>\n<\/div>\n","protected":false},"excerpt":{"rendered":"<p>Gold- und Silberaufkleber sind f\u00fcr besonders festliche bzw. hochwertige Anl\u00e4sse geeignet. H\u00e4ufig werden diese Aufkleber als Rollenware geliefert und dienen<\/p>\n","protected":false},"author":1,"featured_media":0,"parent":0,"menu_order":0,"comment_status":"closed","ping_status":"closed","template":"","meta":{"footnotes":""},"class_list":["post-74","page","type-page","status-publish","hentry"],"_links":{"self":[{"href":"http:\/\/aufkleber-druck-profi.de\/index.php?rest_route=\/wp\/v2\/pages\/74","targetHints":{"allow":["GET"]}}],"collection":[{"href":"http:\/\/aufkleber-druck-profi.de\/index.php?rest_route=\/wp\/v2\/pages"}],"about":[{"href":"http:\/\/aufkleber-druck-profi.de\/index.php?rest_route=\/wp\/v2\/types\/page"}],"author":[{"embeddable":true,"href":"http:\/\/aufkleber-druck-profi.de\/index.php?rest_route=\/wp\/v2\/users\/1"}],"replies":[{"embeddable":true,"href":"http:\/\/aufkleber-druck-profi.de\/index.php?rest_route=%2Fwp%2Fv2%2Fcomments&post=74"}],"version-history":[{"count":6,"href":"http:\/\/aufkleber-druck-profi.de\/index.php?rest_route=\/wp\/v2\/pages\/74\/revisions"}],"predecessor-version":[{"id":355,"href":"http:\/\/aufkleber-druck-profi.de\/index.php?rest_route=\/wp\/v2\/pages\/74\/revisions\/355"}],"wp:attachment":[{"href":"http:\/\/aufkleber-druck-profi.de\/index.php?rest_route=%2Fwp%2Fv2%2Fmedia&parent=74"}],"curies":[{"name":"wp","href":"https:\/\/api.w.org\/{rel}","templated":true}]}}